 of 544?
True
Is 1372 a multiple of 110?
False
Does 77 divide 200?
False
Is 33 a factor of 4587?
True
Is 560 a multiple of 40?
True
Does 82 divide 10422?
False
Does 22 divide 1048?
False
Does 10 divide 27850?
True
Does 9 divide 9567?
True
Is 21 a factor of 6124?
False
Does 28 divide 87?
False
Does 8 divide 1052?
False
Does 76 divide 6004?
True
Does 62 divide 1240?
True
Is 12 a factor of 681?
False
Is 469 a multiple of 8?
False
Does 15 divide 5059?
False
Is 22 a factor of 2354?
True
Is 133 a factor of 36974?
True
Is 31 a factor of 403?
True
Is 666 a multiple of 9?
True
Is 54 a factor of 1649?
False
Is 5 a factor of 940?
True
Is 996 a multiple of 6?
True
Does 68 divide 1292?
True
Does 15 divide 480?
True
Does 29 divide 12912?
False
Does 8 divide 764?
False
Is 50 a factor of 167?
False
Is 8744 a multiple of 19?
False
Is 14 a factor of 341?
False
Does 34 divide 1307?
False
Is 70 a factor of 61482?
False
Is 56 a multiple of 28?
True
Is 3248 a multiple of 28?
True
Does 66 divide 2640?
True
Does 88 divide 2022?
False
Does 22 divide 330?
True
Is 19534 a multiple of 24?
False
Does 42 divide 917?
False
Is 12 a factor of 4104?
True
Is 11 a factor of 1022?
False
Is 15 a factor of 2550?
True
Is 3888 a multiple of 108?
True
Does 69 divide 4886?
False
Is 155100 a multiple of 47?
True
Is 29 a factor of 30972?
True
Is 1087 a multiple of 11?
False
Is 2 a factor of 315?
False
Is 20 a factor of 10225?
False
Does 33 divide 51112?
False
Does 10 divide 2460?
True
Is 27 a factor of 1674?
True
Does 66 divide 1383?
False
Is 145 a factor of 53441?
False
Is 6375 a multiple of 15?
True
Is 41964 a multiple of 78?
True
Is 1344 a multiple of 42?
True
Is 118226 a multiple of 84?
False
Is 155 a multiple of 4?
False
Does 2 divide 117?
False
Does 85 divide 2157?
False
Does 386 divide 31266?
True
Does 25 divide 35?
False
Does 6 divide 5700?
True
Is 935 a multiple of 29?
False
Is 13839 a multiple of 64?
False
Is 55 a factor of 58960?
True
Is 700 a multiple of 61?
False
Is 16 a factor of 9520?
True
Does 24 divide 673?
False
Is 26 a factor of 1690?
True
Is 1692 a multiple of 28?
False
Is 2219 a multiple of 34?
False
Does 19 divide 22239?
False
Is 312 a factor of 6031?
False
Is 1131 a multiple of 29?
True
Does 64 divide 7680?
True
Does 16 divide 3792?
True
Does 22 divide 1532?
False
Is 30459 a multiple of 143?
True
Does 105 divide 8610?
True
Is 3534 a multiple of 18?
False
Is 21938 a multiple of 86?
False
Is 2 a factor of 670?
True
Is 24 a multiple of 21?
False
Is 10 a factor of 630?
True
Does 4 divide 2772?
True
Is 1592 a multiple of 16?
False
Does 6 divide 4500?
True
Is 18 a factor of 720?
True
Is 1309 a multiple of 17?
True
Is 10931 a multiple of 17?
True
Is 593 a multiple of 10?
False
Does 162 divide 83592?
True
Does 9 divide 612?
True
Is 1638 a multiple of 22?
False
Is 14 a factor of 17486?
True
Is 141330 a multiple of 30?
True
Does 127 divide 1736?
False
Is 4 a factor of 1507?
False
Is 15006 a multiple of 41?
True
Is 1848 a multiple of 77?
True
Is 1632 a multiple of 97?
False
Does 27 divide 135?
True
Is 128 a multiple of 6?
False
Is 8 a factor of 1529?
False
Does 15 divide 2880?
True
Is 6409 a multiple of 29?
True
Does 9 divide 8163?
True
Is 2948 a multiple of 22?
True
Does 32 divide 22176?
True
Is 4 a factor of 2092?
True
Is 10 a factor of 300?
True
Is 82 a multiple of 12?
False
Is 7 a factor of 427?
True
Is 6799 a multiple of 13?
True
Is 35172 a multiple of 13?
False
Does 48 divide 13344?
True
Is 19 a factor of 1425?
True
Does 7 divide 2912?
True
Does 32 divide 1266?
False
Does 6 divide 853?
False
Does 5 divide 351?
False
Does 60 divide 675?
False
Does 216 divide 4752?
True
Is 402 a multiple of 19?
False
Is 2200 a multiple of 100?
True
Does 15 divide 8625?
True
Is 39 a factor of 508?
False
Does 24 divide 816?
True
Is 2862 a multiple of 41?
False
Is 6 a factor of 77?
False
Does 35 divide 1505?
True
Is 3 a factor of 227?
False
Is 203 a factor of 31003?
False
Is 3934 a multiple of 19?
False
Is 56340 a multiple of 21?
False
Is 33440 a multiple of 352?
True
Does 22 divide 616?
True
Is 8 a factor of 3336?
True
Is 5173 a multiple of 69?
False
Is 2274 a multiple of 6?
True
Is 13249 even?
False
Is 32 a factor of 40684?
False
Is 10280 a multiple of 3?
False
Is 8 a factor of 2298?
False
Is 10168 a multiple of 62?
True
Is 1425 a multiple of 19?
True
Does 17 divide 7290?
False
Does 7 divide 907?
False
Is 42 a factor of 1078?
False
Is 456 a multiple of 22?
False
Does 100 divide 19600?
True
Is 102 a factor of 31043?
False
Does 4 divide 278?
False
Is 5 a factor of 998?
False
Does 35 divide 6126?
False
Is 5936 a multiple of 7?
True
Is 44 a factor of 2508?
True
Is 26455 a multiple of 3?
False
Does 84 divide 16044?
True
Is 13 a factor of 118?
False
Does 9 divide 4898?
False
Is 2691 a multiple of 23?
True
Is 1008 a multiple of 14?
True
Is 1927 a multiple of 41?
True
Is 63 a factor of 819?
True
Does 31 divide 1284?
False
Does 42 divide 971?
False
Does 74 divide 687?
False
Is 57 a factor of 77303?
False
Does 20 divide 340?
True
Does 31 divide 2089?
False
Is 4147 a multiple of 13?
True
Is 35 a multiple of 7?
True
Is 188 a multiple of 20?
False
Is 9727 a multiple of 11?
False
Is 1604 a multiple of 18?
False
Does 102 divide 869?
False
Is 4 a factor of 4109?
False
Is 2814 a multiple of 42?
True
Is 12278 a multiple of 59?
False
Does 50 divide 769?
False
Is 1300 a multiple of 26?
True
Does 4 divide 1695?
False
Is 17 a factor of 508?
False
Does 187 divide 1256?
False
Is 14426 a multiple of 8?
False
Does 4 divide 329?
False
Does 67 divide 2010?
True
Does 137 divide 26715?
True
Is 2 a factor of 83?
False
Is 28 a factor of 84?
True
Does 20 divide 1380?
True
Is 1092 a multiple of 8?
False
Is 29 a factor of 1479?
True
Is 3920 a multiple of 99?
False
Is 56466 a multiple of 87?
False
Does 14 divide 1736?
True
Is 37 a factor of 47360?
True
Is 60 a factor of 34140?
True
Does 123 divide 6386?
False
Does 5 divide 4116?
False
Does 37 divide 4950?
False
Is 2208 a multiple of 12?
True
Is 90 a multiple of 10?
True
Does 83 divide 8925?
False
Is 37 a factor of 13172?
True
Is 4171 a multiple of 109?
False
Does 57 divide 288?
False
Is 13 a factor of 941?
False
Does 15 divide 3382?
False
Is 11160 a multiple of 20?
True
Is 324 a multiple of 3?
True
Is 11321 a multiple of 173?
False
Is 9 a factor of 93?
False
Is 78 a factor of 7410?
True
Is 105 a multiple of 15?
True
Is 30 a multiple of 23?
False
Does 65 divide 821?
False
Is 712 a multiple of 9?
False
Is 27499 a multiple of 107?
True
Does 17 divide 3690?
False
Is 43 a factor of 15998?
False
Is 18688 a multiple of 32?
True
Is 1197 a multiple of 57?
True
Is 24 a factor of 1056?
True
Does 44 divide 1828?
False
Is 39 a factor of 32175?
True
Is 26 a factor of 936?
True
Does 82 divide 27306?
True
Does 32 divide 2624?
True
Is 1219 a multiple of 12?
False
Does 76 divide 4332?
True
Is 1980 a multiple of 99?
True
Is 3690 a multiple of 30?
True
Is 158 a factor of 30111?
False
Is 23084 a multiple of 3?
False
Is 1539 a multiple of 19?
True
Does 10 divide 6453?
False
Is 79 even?
False
Does 12 divide 415?
False
Is 8 a factor of 4584?
True
Is 59035 a multiple of 242?
False
Does 25 divide 550?
True
Does 10 divide 1660?
True
Is 610 a multiple of 31?
False
Is 390 a multiple of 13?
True
Is 10 a factor of 21036?
False
Is 32 a factor of 201?
False
Is 1931 a multiple of 7?
False
Is 12730 a multiple of 19?
True
Is 14 a factor of 4956?
True
Does 26 divide 4966?
True
Is 18238 a multiple of 299?
False
Is 9881 a multiple of 41?
True
Is 14 a factor of 13622?
True
Is 216 a factor of 7776?
True
Does 25 divide 1150?
True
Does 280 divide 116448?
False
Is 231 a multiple of 33?
True
Is 114 a factor of 1596?
True
Does 36 divide 434?
False
Is 12 a factor of 1182?
False
Is 144 a multiple of 48?
True
Is 8523 a multiple of 11?
False
Is 20 a factor of 6620?
True
Is 46 a factor of 276?
True
Is 85 a factor of 3965?
False
Is 134 a factor of 10517?
False
Is 48 a factor of 2812?
False
Does 10 divide 7350?
True
Is 25 a factor of 5275?
True
Is 2 a factor of 344?
True
Is 24288 a multiple of 55?
False
Does 4 divide 9568?
True
Is 5222 a multiple of 10?
False
Is 34 a factor of 3257?
False
Does 26 divide 676?
True
Does 7 divide 5181?
False
Is 24 a factor of 1293?
False
Is 8314 a multiple of 175?
False
Does 120 divide 4759?